n divisor of 36 and 12?
12
What is the highest common divisor of 37 and 1?
1
Calculate the greatest common factor of 328 and 28.
4
What is the highest common divisor of 11 and 2387?
11
Calculate the highest common divisor of 27 and 918.
27
Calculate the greatest common factor of 581 and 415.
83
What is the greatest common factor of 5002 and 410?
82
What is the highest common factor of 1064 and 756?
28
What is the greatest common factor of 10 and 2395?
5
What is the greatest common divisor of 2850 and 75?
75
Calculate the greatest common factor of 858 and 130.
26
What is the greatest common factor of 22 and 3839?
11
What is the highest common factor of 19 and 49?
1
Calculate the greatest common divisor of 40 and 25.
5
Calculate the highest common divisor of 12737 and 47.
47
What is the highest common factor of 67 and 11189?
67
What is the greatest common factor of 103 and 11639?
103
Calculate the highest common factor of 4 and 292.
4
What is the greatest common factor of 63 and 1953?
63
Calculate the highest common factor of 235 and 329.
47
Calculate the greatest common divisor of 205 and 82.
41
What is the greatest common divisor of 12 and 426?
6
What is the greatest common factor of 8066 and 872?
218
Calculate the greatest common divisor of 15 and 85.
5
Calculate the highest common divisor of 185 and 851.
37
Calculate the highest common factor of 52 and 39.
13
What is the highest common factor of 143 and 104?
13
What is the greatest common divisor of 525 and 100?
25
What is the greatest common divisor of 22 and 24783?
11
Calculate the greatest common factor of 924 and 21.
21
Calculate the greatest common divisor of 51 and 9129.
51
Calculate the highest common factor of 1615 and 190.
95
What is the greatest common divisor of 286 and 234?
26
Calculate the greatest common divisor of 232 and 203.
29
Calculate the greatest common divisor of 225 and 9.
9
Calculate the greatest common divisor of 324 and 12.
12
Calculate the greatest common divisor of 46 and 16.
2
What is the highest common factor of 39 and 91?
13
What is the greatest common factor of 25099 and 19?
19
Calculate the greatest common divisor of 65 and 875.
5
Calculate the highest common divisor of 2124 and 72.
36
Calculate the highest common factor of 11 and 7.
1
Calculate the highest common factor of 459 and 1161.
27
Calculate the greatest common factor of 35 and 805.
35
Calculate the greatest common divisor of 2094 and 39.
3
What is the highest common factor of 20905 and 185?
185
Calculate the highest common divisor of 1598 and 94.
94
What is the greatest common factor of 84 and 4368?
84
Calculate the greatest common divisor of 30 and 68790.
30
Calculate the greatest common factor of 24 and 30.
6
Calculate the highest common factor of 49 and 21.
7
Calculate the greatest common divisor of 1312 and 3444.
164
Calculate the greatest common divisor of 134 and 871.
67
What is the highest common divisor of 105 and 350?
35
What is the highest common factor of 69 and 61?
1
Calculate the highest common divisor of 12 and 12.
12
Calculate the highest common divisor of 231 and 18.
3
Calculate the highest common divisor of 145 and 261.
29
Calculate the highest common factor of 1512 and 70.
14
What is the greatest common divisor of 1023 and 22?
11
Calculate the highest common divisor of 17 and 1241.
17
What is the highest common divisor of 75 and 1320?
15
What is the highest common divisor of 225 and 9?
9
What is the greatest common factor of 2726 and 29?
29
What is the greatest common factor of 228 and 285?
57
What is the highest common factor of 33485 and 185?
185
Calculate the greatest common divisor of 104 and 2600.
104
What is the greatest common divisor of 192 and 1464?
24
What is the highest common divisor of 1676 and 52?
4
Calculate the greatest common divisor of 250 and 4.
2
What is the highest common divisor of 60 and 470?
10
What is the greatest common divisor of 108 and 66852?
108
What is the greatest common divisor of 60 and 132?
12
What is the greatest common divisor of 387 and 8256?
129
What is the greatest common divisor of 7 and 2996?
7
Calculate the highest common factor of 448 and 28.
28
What is the greatest common factor of 63 and 3?
3
What is the highest common divisor of 114 and 608?
38
Calculate the highest common divisor of 2151 and 27.
9
Calculate the highest common divisor of 21303 and 81.
81
What is the highest common factor of 16 and 328?
8
Calculate the highest common factor of 2184 and 14.
14
What is the highest common factor of 200 and 2925?
25
What is the highest common factor of 212 and 265?
53
What is the greatest common factor of 7442 and 427?
61
What is the highest common factor of 417 and 4587?
417
Calculate the highest common divisor of 88 and 1096.
8
What is the highest common divisor of 13013 and 286?
143
What is the greatest common factor of 68 and 36?
4
What is the highest common divisor of 6204 and 60?
12
Calculate the highest common divisor of 13806 and 36.
18
What is the greatest common factor of 363 and 242?
121
What is the highest common divisor of 240 and 1840?
80
Calculate the greatest common divisor of 74 and 3441.
37
Calculate the greatest common divisor of 47 and 47.
47
What is the highest common divisor of 3219 and 777?
111
What is the greatest common factor of 84 and 66?
6
Calculate the greatest common divisor of 2 and 4.
2
What is the greatest common divisor of 322 and 28819?
161
What is the greatest common divisor of 13 and 4537?
13
Calculate the highest common factor of 224 and 8416.
32
What is the highest common divisor of 182 and 52?
26
Calculate the highest common factor of 588 and 3444.
84
What is the highest common divisor of 200 and 380?
20
Calculate the highest common divisor of 260 and 2223.
13
What is the highest common factor of 147 and 343?
49
What is the highest common factor of 387 and 215?
43
Calculate the highest common factor of 270 and 75.
15
What is the highest common factor of 3808 and 4?
4
What is the greatest common factor of 2 and 8?
2
Calculate the greatest common factor of 434 and 21.
7
What is the greatest common divisor of 834 and 6?
6
What is the highest common divisor of 7747 and 61?
61
Calculate the greatest common divisor of 65 and 2730.
65
What is the highest common divisor of 1512 and 28?
28
Calculate the highest common divisor of 64 and 6.
2
What is the greatest common factor of 856 and 8?
8
Calculate the highest common factor of 47466 and 27.
27
What is the highest common divisor of 897 and 6?
3
Calculate the greatest common divisor of 61 and 3050.
61
What is the highest common divisor of 267 and 2047?
89
Calculate the highest common factor of 931 and 152.
19
What is the highest common factor of 3 and 151?
1
Calculate the highest common factor of 330 and 13750.
110
Calculate the greatest common divisor of 10890 and 242.
242
What is the highest common factor of 28 and 77?
7
Calculate the highest common factor of 2508 and 396.
132
What is the highest common divisor of 22494 and 207?
69
Calculate the greatest common factor of 204 and 60.
12
Calculate the greatest common divisor of 7668 and 432.
108
Calculate the greatest common divisor of 14 and 238.
14
Calculate the greatest common factor of 11 and 363.
11
What is the greatest common divisor of 2037 and 776?
97
Calculate the greatest common factor of 286 and 176.
22
What is the highest common divisor of 4976 and 64?
16
What is the greatest common divisor of 554 and 28531?
277
Calculate the highest common divisor of 4080 and 45.
15
What is the greatest common divisor of 88 and 408?
8
Calculate the greatest common factor of 4 and 64.
4
What is the greatest common divisor of 160 and 920?
40
Calculate the greatest common factor of 1272 and 36.
12
Calculate the highest common divisor of 20 and 9110.
10
What is the greatest common factor of 897 and 156?
39
Calculate the greatest common factor of 22750 and 70.
70
What is the greatest common divisor of 1880 and 4465?
235
What is the greatest common divisor of 168 and 70?
14
What is the greatest common divisor of 3026 and 712?
178
Calculate the highest common divisor of 2046 and 1302.
186
What is the highest common divisor of 65 and 299?
13
What is the highest common factor of 567 and 81?
81
Calculate the highest co